o + 3*s. What is b(o)?
-3
Let h(a) = -26 - 41 - 3*a**2 - 31 + a**2 + 108. Calculate h(-4).
-22
Let h be (-2)/12 + (-11)/6. Let k be -3 - (4 - h - 1). Let p = k - -6. Let u(v) = 3*v + 2. Determine u(p).
-4
Let n(x) = x**2 - 14*x - 31. Let i be n(-2). Let p(z) = -2*z**3 - z + 1. Determine p(i).
-2
Let q(y) be the second derivative of 13*y**4/6 + y**3/6 + 86*y. Calculate q(1).
27
Let u(q) = 2*q**3 + 4*q - 3*q**3 + q**2 + q**2. Let o(g) = g**2 + 5*g + 10. Let i(m) = -m**3 + 7*m**2 - m + 4. Let s be i(7). Let v be o(s). Calculate u(v).
-16
Let h(w) be the second derivative of -w**4/12 - 3*w**3/2 + 3*w**2/2 - 24*w - 4. What is h(-10)?
-7
Let g(u) = -u**2 - 8*u + 68. Let d = -1324 - -1311. Determine g(d).
3
Let p = -21 - -21. Suppose p = -2*s - 4*q + 26, 4 = 4*q - 8. Let i(f) = -f**2 + 6*f + 6. Determine i(s).
-1
Let v(i) = i + 13. Let b(c) = -1. Let o(h) = -1. Let y(z) = b(z) - 2*o(z). Let p(l) = -v(l) + 2*y(l). What is p(-8)?
-3
Let t(s) = -12*s**2 - 5*s + 16. Let j(c) = 23*c**2 + 9*c - 28. Let v(a) = -4*j(a) - 7*t(a). Let h be -5*(1 - 16/10). Suppose 4*z + h = z. Calculate v(z).
-7
Let r be ((-36)/8 - -3)*-4. Let p(u) = -11*u - 3*u**2 + r - u**3 + 2*u + 14*u. Give p(-4).
2
Let f(b) be the first derivative of -5*b**2/2 + 5*b - 142. Determine f(0).
5
Suppose 4*j + 3*z - 4 = 13, 4*z + 9 = j. Let t(u) = 7*u - 1. Give t(j).
34
Let v(n) = -29*n**3 + 30*n**3 + 8*n**2 - 41 - 9*n - 2*n**2 + 42 + n**2. Give v(-8).
9
Let o(f) = f**3 - 10*f**2 - 14*f + 36. Let k be o(11). Let w(c) = -2*c - 1 + 3 - 3. Calculate w(k).
-7
Let o(i) = -77*i**2 - 2 + 47*i**2 - 14*i + 44*i**2. Let y(n) = 5*n**2 - 5*n - 1. Let k(z) = -4*o(z) + 11*y(z). Give k(0).
-3
Let c(m) = 2*m**3 + 47*m**2 - 24*m - 5. Let f be c(-24). Let q(l) = -l**3 + 0*l + 5 + l**2 + 2*l**3 - 2*l + 4*l**2. Calculate q(f).
15
Suppose -u + 11 = 3*d - 0*u, d + 3 = 3*u. Let o = 5 - d. Suppose -2*s = o*v - 8, 0 = -v - 4*v - s. Let a(h) = h**2. What is a(v)?
1
Let f(a) be the second derivative of a**4/12 - 4*a**3/3 - 3*a + 10. Calculate f(7).
-7
Let q = -15 - -4. Let h(g) = -8*g**2 - 2*g - 2. Let k(y) = -3*y**2 - y - 1. Let s(m) = q*k(m) + 4*h(m). What is s(-2)?
1
Let s(g) be the third derivative of g**4/24 - g**3 - 410*g**2. Let x(a) = a - 7. Let v be x(0). Calculate s(v).
-13
Let b(w) = w**2 + 7*w + 9. Let h(o) = o**3 - 10*o**2 + o - 4. Let l be h(10). Suppose -l = u + 5. Let f = 5 + u. Calculate b(f).
3
Let a(u) be the third derivative of -u**6/60 - u**5/4 - u**4/6 + u**3 + 46*u**2. Let t(i) = -i**3 - 8*i**2 - 2*i + 3. Let c(k) = -4*a(k) + 7*t(k). Give c(-3).
0
Let h = 4 + -1. Suppose -2*v = -0*r - 2*r - 4, 0 = h*v - 12. Let q(m) be the second derivative of -m**4/6 + m**3/3 + m**2/2 - 41*m. Give q(r).
-3
Let n = 7 - 1. Let l(b) be the first derivative of -b**5/20 + 5*b**4/12 + 7*b**3/6 + 2*b**2 + 22*b - 14. Let j(z) be the first derivative of l(z). Give j(n).
10
Let b(g) = 5*g - 19. Suppose -133 + 233 = 20*x. Determine b(x).
6
Let q(c) = -815 - 811 + 1645 - 3*c + c. What is q(14)?
-9
Let u(d) = 2*d - 7. Let g(q) = -11*q + 19. Let j(h) = 5*h - 9. Let c(o) = -4*g(o) - 9*j(o). Let f(v) = -8*c(v) - 5*u(v). Calculate f(-6).
7
Let k(p) = -1. Let l(j) = -5*j**2 + j. Let x = -18 - -11. Let c(a) = 6*a**2 + 1. Let g(y) = x*l(y) - 6*c(y). Let v(s) = g(s) - 4*k(s). What is v(-7)?
-2
Let c = 84 + -116. Let w = c - -32. Let j(h) = -h**2 + h + 16. Give j(w).
16
Let r(g) = -g + 1. Let x(l) = 3 + l + 0 + 0*l - 2. Let d be x(8). Calculate r(d).
-8
Let n(m) = 13*m**3 - 10*m**2 - 13*m - 3. Let s(j) = -4*j**3 + 3*j**2 + 4*j + 1. Let q(l) = -2*n(l) - 7*s(l). Give q(2).
7
Let u(l) = l**2 + 5*l + 1. Let c = 1435 - 1443. Calculate u(c).
25
Let m(d) = 39*d**2 + 5*d**2 - 17*d - d**3 - 28*d**2. Calculate m(15).
-30
Let m = -49 - -81. Suppose 0 = 3*k + m - 17. Let n(x) = 3*x - 3. Calculate n(k).
-18
Let o(u) be the first derivative of 15 + 1/2*u**2 - 3*u. Give o(5).
2
Let y(u) = u**2 + 2*u - 2. Suppose -3*j + 220 = j. Let f = -5 + j. Let o be f/(-18) - (-2)/(-9). Calculate y(o).
1
Let k(m) = 22 - 16*m**3 - 6*m**2 + 7*m + 0*m**3 - 17. Let o(y) = -y**2 + y + 1. Let r(n) = -k(n) + 6*o(n). Calculate r(1).
16
Let g(d) = d**3 - 10*d**2 - 10*d - 8. Let b be g(11). Let v(n) = b + n + 1 - 1. Let k(c) = -c - 9. Let y be k(-6). What is v(y)?
0
Let l(f) = -f**3 - 4*f**2 + 2*f - 3. Let g(u) = 2*u**2 + u - 10. Let j be g(3). Let q(s) = s**2 - 12*s + 7. Let c be q(j). Calculate l(c).
-11
Let q = -219 - -213. Let c(a) = a**2 + 4*a - 14. Give c(q).
-2
Let i(y) = -y - 4. Suppose -3 = 3*b - 24. Suppose -3*j + 2 = -b. Suppose -j*q = -6*q - 18. What is i(q)?
2
Let s be ((-8)/2)/((-2)/(-3)). Let o = -9 - s. Let t(f) = 5*f + 0*f**2 + 1 + 0*f + 4*f**2 - 3*f + f**3. What is t(o)?
4
Let v(d) = d**2 - 8*d + 4. Let o be -1*(-4 + 4) - -41. Let a(w) = 12*w**2 + 3*w**3 - 2*w**3 + o - 57 - 2*w. Let h be a(-12). What is v(h)?
4
Let c(k) = -24 - 4*k**2 - 13 + 5*k**2 + 4*k + 33. Calculate c(-4).
-4
Let d(z) be the first derivative of -1/4*z**4 + 0*z**2 + 3 + 0*z**3 + 3*z. Let o be 0 + -1 - (3 + -4). Give d(o).
3
Let j(d) = 305*d + 0*d**2 + 3*d**2 - 293*d - 12. Give j(-5).
3
Suppose 0*n + 1 = n. Let m(u) = 8*u**2 - 2*u + 2. Let g(o) be the first derivative of -4*o**3/3 + o**2/2 - o + 4. Let x(f) = -5*g(f) - 2*m(f). What is x(n)?
4
Let a(r) be the second derivative of -7*r**3/6 - 94*r. Calculate a(6).
-42
Let h(z) be the first derivative of -z**2/2 + 10*z + 7. Let l be h(15). Let t(s) = -s**3 - 6*s**2 + 7. Calculate t(l).
-18
Let g(b) = 14*b - 20 - 8*b + 18 - 3*b. Give g(8).
22
Let n(k) = 6*k**3 + k**2 - 4 - 5*k - 32*k**3 + 12*k**3 + 1 + 15*k**3. What is n(-3)?
-6
Let l(v) = v**2 + 7*v - 9. Let j = 1579 + -1588. Determine l(j).
9
Let z(h) = h**2 + 13*h - 12. Let c(u) = u**2 + 14*u - 12. Suppose 3*m = -4*p + m - 6, 0 = -4*p + 5*m - 41. Let b(n) = p*c(n) + 5*z(n). What is b(-10)?
-2
Let d(f) be the first derivative of 3*f**2/2 - 2. Suppose 4*p + 93 = 3*r + p, 0 = -4*r + 2*p + 134. Let h = r + -34. Determine d(h).
6
Suppose -25*y + 24 = -29*y. Let l(o) = -o + 5. Let w be l(y). Suppose 16*i = w*i + 30. Let v(n) = -n**2 + 7*n - 8. What is v(i)?
-2
Let f(w) = -2*w - 2. Let t(r) = 25*r + 10. Let j(i) = -6*f(i) - t(i). Calculate j(-1).
15
Let b(i) = -4 + 2*i - 3*i - i + 2. Let k(s) = 5*s + 5. Let x(f) = -7*b(f) - 3*k(f). Suppose 0 = 2*u, -1 = -m + 2*u - 6*u. What is x(m)?
-2
Let c = 137 - 134. Let h(v) = -c*v + 8*v - 3*v. Calculate h(5).
10
Suppose h + 31 = 21. Let w(z) = -z - 8. Give w(h).
2
Let l(q) be the second derivative of -q**3/6 - 6*q**2 + q. Suppose -2*o = -o + 4*o. Let v(r) = r - 6. Let a be v(o). Calculate l(a).
-6
Let o(i) = 13*i**2 - 4*i + 4. Let y(n) = 11*n**2 - 4*n + 4. Let v(j) = -4*o(j) + 5*y(j). Calculate v(1).
3
Let l(h) = -h**3 - 6*h**2 + 5*h - 10. Let n = 5 + -12. Let w be l(n). Suppose -w*d - 13 = 4*o - o, 5*o + 11 = -4*d. Let k(c) = -2*c - 5. Determine k(d).
3
Let m(f) be the first derivative of f**2 - 12*f - 254. Calculate m(9).
6
Suppose -x = -8*x - 119. Let q = x + -8. Let o = q - -30. Let b(j) = -j**3 + 5*j**2 - j. What is b(o)?
-5
Let i be 312/60 - 2/10. Let z(q) = 3*q - 6. Calculate z(i).
9
Let p = 163 - 169. Let r(v) = -3*v - 20. What is r(p)?
-2
Let i(w) be the second derivative of -w**3/6 - 4*w**2 + 1021*w. Let x be (-19)/2 - (-5)/10. Determine i(x).
1
Suppose -4 = -2*s, 0 = 3*i - 6*s + 4*s - 11. Let v(g) = -g**3 + 6*g**2 - 5*g + 1. Give v(i).
1
Suppose 0 = -3*f - 2*k + 52 + 28, -3*f + 85 = k. Suppose 6*m + f = 4*m. Let q = m - -12. Let v(c) = -c - 1. Give v(q).
2
Let s(o) = -4*o + 4*o - 4 - 3*o + o. Let y be (933/622)/(5/(-2) - -2). Give s(y).
2
Let m(n) = 128*n - 377*n - 7 + 125*n + 125*n. Let l(o) = o**3 - 3*o**2 + 3*o - 2. Let d be l(3). Give m(d).
0
Let t(p) = 5*p**2 + 4*p. Let q(k) = -6*k**2 - k - 1. Let u(g) = q(g) + t(g). What is u(2)?
1
Let k(n) = -n**2 - 3*n - 4. Suppose 7 = r - y, -2*y = -6 + 16. Let i be -6*((-7)/r - -4). What is k(i)?
-4
Let c(f) be the third derivative of -1/12*f**4 + 0 + 5/6*f**3 - 1/60*f**5 + 16*f**2 + 0*f. Determine c(-4).
-3
Let i = 6/313 - -295/939. Let z(c) be the second derivative of i*c**3 - 4*c**2 - 5*c + 0. Determine z(6).
4
Let a = -46 + 44. Let d(n) = 7*n + 1. Let m(q) = -q. Let b(i) = -d(i) - 3*m(i). Give b(a).
7
Let q(y) = 6*y**3 + y**2 + y - 1. Let d = 28 + -27. What is q(d)?
7
Let p be 1/(4 - 3) + -18. 